{"id":148,"date":"2017-05-15T16:53:36","date_gmt":"2017-05-15T14:53:36","guid":{"rendered":"http:\/\/talentsmarketcomsearch.com\/?page_id=148"},"modified":"2017-05-15T16:53:36","modified_gmt":"2017-05-15T14:53:36","slug":"armagnac","status":"publish","type":"page","link":"https:\/\/fines.fr\/index.php\/armagnac\/","title":{"rendered":"Armagnac"},"content":{"rendered":"<table width=\"383\">\n<tbody>\n<tr>\n<td width=\"383\"><strong>ARMAGNACS CASTAREDE<\/strong><\/td>\n<\/tr>\n<tr>\n<td width=\"383\">VS<\/td>\n<\/tr>\n<tr>\n<td width=\"383\">VSOP<\/td>\n<\/tr>\n<tr>\n<td width=\"383\">Hors d&rsquo;Age<\/td>\n<\/tr>\n<tr>\n<td width=\"383\">1997<\/td>\n<\/tr>\n<tr>\n<td width=\"383\">1987<\/td>\n<\/tr>\n<tr>\n<td width=\"383\">1977<\/td>\n<\/tr>\n<tr>\n<td width=\"383\">1967<\/td>\n<\/tr>\n<tr>\n<td width=\"383\"><em>Disponibilit\u00e9s mill\u00e9sim\u00e9s sur demande. Frais de port en sus selon disponibilit\u00e9s.<\/em><\/td>\n<\/tr>\n<tr>\n<td width=\"383\"><em>Autres mill\u00e9simes: voir tarif Armagnac Castar\u00e8de<\/em><\/td>\n<\/tr>\n<tr>\n<td width=\"383\">Blanche<\/td>\n<\/tr>\n<tr>\n<td width=\"383\">Folle Blanche F\u00fbt N\u00b076 (f\u00fbt unique)<\/td>\n<\/tr>\n<tr>\n<td width=\"383\">Folle Blanche F\u00fbt N\u00b043 (f\u00fbt unique)<\/td>\n<\/tr>\n<tr>\n<td width=\"383\">Suppl\u00e9ment coffret bois 0,70cl<\/td>\n<\/tr>\n<\/tbody>\n<\/table>\n","protected":false},"excerpt":{"rendered":"<p>ARMAGNACS CASTAREDE VS VSOP Hors d&rsquo;Age 1997 1987 1977 1967 Disponibilit\u00e9s mill\u00e9sim\u00e9s sur demande. Frais de port en sus selon disponibilit\u00e9s. Autres mill\u00e9simes: voir tarif Armagnac Castar\u00e8de Blanche Folle Blanche F\u00fbt N\u00b076 (f\u00fbt unique) Folle Blanche F\u00fbt N\u00b043 (f\u00fbt unique) Suppl\u00e9ment coffret bois 0,70cl<\/p>\n","protected":false},"author":1,"featured_media":0,"parent":0,"menu_order":0,"comment_status":"closed","ping_status":"closed","template":"","meta":{"footnotes":""},"class_list":["post-148","page","type-page","status-publish","hentry"],"_links":{"self":[{"href":"https:\/\/fines.fr\/index.php\/wp-json\/wp\/v2\/pages\/148","targetHints":{"allow":["GET"]}}],"collection":[{"href":"https:\/\/fines.fr\/index.php\/wp-json\/wp\/v2\/pages"}],"about":[{"href":"https:\/\/fines.fr\/index.php\/wp-json\/wp\/v2\/types\/page"}],"author":[{"embeddable":true,"href":"https:\/\/fines.fr\/index.php\/wp-json\/wp\/v2\/users\/1"}],"replies":[{"embeddable":true,"href":"https:\/\/fines.fr\/index.php\/wp-json\/wp\/v2\/comments?post=148"}],"version-history":[{"count":1,"href":"https:\/\/fines.fr\/index.php\/wp-json\/wp\/v2\/pages\/148\/revisions"}],"predecessor-version":[{"id":149,"href":"https:\/\/fines.fr\/index.php\/wp-json\/wp\/v2\/pages\/148\/revisions\/149"}],"wp:attachment":[{"href":"https:\/\/fines.fr\/index.php\/wp-json\/wp\/v2\/media?parent=148"}],"curies":[{"name":"wp","href":"https:\/\/api.w.org\/{rel}","templated":true}]}}