{"id":150,"date":"2017-05-15T16:55:04","date_gmt":"2017-05-15T14:55:04","guid":{"rendered":"http:\/\/talentsmarketcomsearch.com\/?page_id=150"},"modified":"2017-05-27T11:35:59","modified_gmt":"2017-05-27T09:35:59","slug":"cognacs","status":"publish","type":"page","link":"https:\/\/fines.fr\/index.php\/cognacs\/","title":{"rendered":"Cognac"},"content":{"rendered":"<table width=\"383\">\n<tbody>\n<tr>\n<td width=\"383\"><strong>COGNACS <\/strong><\/td>\n<\/tr>\n<tr>\n<td width=\"383\"><strong>Hardy<\/strong><\/td>\n<\/tr>\n<tr>\n<td width=\"383\">Cognac Hardy VS 70cl<\/td>\n<\/tr>\n<tr>\n<td width=\"383\">Cognac Hardy VSOP 70cl<\/td>\n<\/tr>\n<tr>\n<td width=\"383\">Cognac Hardy Legend 1863 70cl<\/td>\n<\/tr>\n<tr>\n<td width=\"383\">Cognac Hardy XO Rare 70cl<\/td>\n<\/tr>\n<tr>\n<td width=\"383\">Pineau des Charentes Blanc Le Coq d&rsquo;Or 75cl<\/td>\n<\/tr>\n<tr>\n<td width=\"383\">Pineau des Charentes Ros\u00e9 Le Coq d&rsquo;Or 75cl<\/td>\n<\/tr>\n<tr>\n<td width=\"383\">Hardy Prestige Noces d&rsquo;argent 70cl<\/td>\n<\/tr>\n<tr>\n<td width=\"383\">Hardy Prestige Noces de perle 70cl<\/td>\n<\/tr>\n<tr>\n<td width=\"383\">Hardy Prestige Noces de diamant 70cl<\/td>\n<\/tr>\n<tr>\n<td width=\"383\">Hardy Prestige Noces d&rsquo;or 70cl<\/td>\n<\/tr>\n<tr>\n<td width=\"383\">Hardy Prestige Noces d&rsquo;albatre 70cl<\/td>\n<\/tr>\n<tr>\n<td width=\"383\">Hardy Perfection Lumi\u00e8re S\u00e9rie Limit\u00e9e 70cl<\/td>\n<\/tr>\n<tr>\n<td width=\"383\">Carafe LALIQUE Le Printemps S\u00e9rie Limit\u00e9e 70cl<\/td>\n<\/tr>\n<tr>\n<td width=\"383\">Carafe LALIQUE L&rsquo;\u00e9t\u00e9 S\u00e9rie Limit\u00e9e 70cl<\/td>\n<\/tr>\n<tr>\n<td width=\"383\"><\/td>\n<\/tr>\n<tr>\n<td width=\"383\"><strong>Fanny Fougerat<\/strong><\/td>\n<\/tr>\n<tr>\n<td width=\"383\">Vsop Petite Cig\u00fce<\/td>\n<\/tr>\n<tr>\n<td width=\"383\">Xo Iris Poivr\u00e9<\/td>\n<\/tr>\n<tr>\n<td width=\"383\">Xo C\u00e8dre Blanc<\/td>\n<\/tr>\n<\/tbody>\n<\/table>\n","protected":false},"excerpt":{"rendered":"<p>COGNACS Hardy Cognac Hardy VS 70cl Cognac Hardy VSOP 70cl Cognac Hardy Legend 1863 70cl Cognac Hardy XO Rare 70cl Pineau des Charentes Blanc Le Coq d&rsquo;Or 75cl Pineau des Charentes Ros\u00e9 Le Coq d&rsquo;Or 75cl Hardy Prestige Noces d&rsquo;argent 70cl Hardy Prestige Noces de perle 70cl Hardy Prestige Noces de diamant 70cl Hardy Prestige [&hellip;]<\/p>\n","protected":false},"author":1,"featured_media":0,"parent":0,"menu_order":0,"comment_status":"closed","ping_status":"closed","template":"","meta":{"footnotes":""},"class_list":["post-150","page","type-page","status-publish","hentry"],"_links":{"self":[{"href":"https:\/\/fines.fr\/index.php\/wp-json\/wp\/v2\/pages\/150","targetHints":{"allow":["GET"]}}],"collection":[{"href":"https:\/\/fines.fr\/index.php\/wp-json\/wp\/v2\/pages"}],"about":[{"href":"https:\/\/fines.fr\/index.php\/wp-json\/wp\/v2\/types\/page"}],"author":[{"embeddable":true,"href":"https:\/\/fines.fr\/index.php\/wp-json\/wp\/v2\/users\/1"}],"replies":[{"embeddable":true,"href":"https:\/\/fines.fr\/index.php\/wp-json\/wp\/v2\/comments?post=150"}],"version-history":[{"count":2,"href":"https:\/\/fines.fr\/index.php\/wp-json\/wp\/v2\/pages\/150\/revisions"}],"predecessor-version":[{"id":177,"href":"https:\/\/fines.fr\/index.php\/wp-json\/wp\/v2\/pages\/150\/revisions\/177"}],"wp:attachment":[{"href":"https:\/\/fines.fr\/index.php\/wp-json\/wp\/v2\/media?parent=150"}],"curies":[{"name":"wp","href":"https:\/\/api.w.org\/{rel}","templated":true}]}}